
-8668
Convert -110111010111 (base 2) to base 3.
-11212020
1c135 (base 13) to base 10
55138
What is 100325 (base 7) in base 10?
16973
-7aa (base 16) to base 15
-8ac
What is 1112010 (base 3) in base 13?
675
What is 5428 (base 13) in base 15?
36ea
-101100110 (base 2) to base 11
-2a6
100001111100101 (base 2) to base 9
25752
-261 (base 11) to base 2
-100110101
What is 3110 (base 8) in base 7?
4455
-11350 (base 6) to base 3
-2021010
Convert 2121003 (base 4) to base 10.
9795
What is -589 (base 14) in base 15?
-4d6
211 (base 12) to base 9
364
What is -8310 (base 13) in base 6?
-215440
What is -a722 (base 12) in base 11?
-1283a
What is 10314 (base 5) in base 7?
2032
7537 (base 10) to base 14
2a65
-1010000110 (base 2) to base 12
-45a
What is -3135 (base 8) in base 16?
-65d
Convert -2012210 (base 3) to base 15.
-729
556 (base 15) to base 16
4b6
Convert -22 (base 13) to base 4.
-130
What is 11362 (base 9) in base 6?
55045
3123 (base 5) to base 15
1c8
13545 (base 9) to base 6
110322
What is -4732 (base 8) in base 9?
-3412
1331231 (base 6) to base 7
426160
What is 4742 (base 9) in base 11?
2711
-3b0d (base 16) to base 13
-6b5b
Convert 11077 (base 8) to base 9.
6360
42388 (base 9) to base 15
8485
-15114 (base 8) to base 3
-100020100
Convert -11658 (base 10) to base 7.
-45663
What is -2370 (base 12) in base 2?
-111110000100
Convert 1144154 (base 6) to base 10.
60550
-6536 (base 7) to base 11
-1829
281 (base 13) to base 3
121102
2425 (base 7) to base 12
631
-2299 (base 10) to base 3
-10011011
Convert 243 (base 6) to base 12.
83
What is -2323031 (base 4) in base 16?
-2ecd
-101122100 (base 3) to base 10
-7758
What is 1272 (base 9) in base 13?
587
What is -951 (base 14) in base 11?
-1419
What is 5ddd (base 16) in base 15?
71be
Convert cc (base 16) to base 15.
d9
-5b5 (base 15) to base 8
-2417
Convert -5262 (base 7) to base 16.
-741
Convert -232 (base 5) to base 11.
-61
31122 (base 4) to base 7
2334
What is -221 (base 16) in base 3?
-202012
-18b (base 12) to base 16
-fb
What is -13313010 (base 4) in base 11?
-2220a
What is b07 (base 13) in base 3?
2120010
What is -2d12 (base 16) in base 12?
-6816
Convert 39 (base 11) to base 15.
2c
-120012 (base 3) to base 7
-1124
Convert -14021 (base 7) to base 8.
-7314
1112220 (base 3) to base 6
5123
What is 20200 (base 4) in base 12?
394
232632 (base 7) to base 4
22031130
-1432 (base 7) to base 2
-1000110010
What is 2310003 (base 4) in base 10?
11523
Convert 43a4 (base 15) to base 4.
3133321
Convert -8724 (base 9) to base 7.
-24502
-27a4 (base 13) to base 14
-211d
Convert 15357 (base 8) to base 5.
210040
1110000110 (base 2) to base 8
1606
Convert 45c (base 15) to base 13.
5ac
What is -1101001010 (base 2) in base 6?
-3522
Convert bb7 (base 13) to base 7.
5600
Convert 11344 (base 6) to base 14.
85a
Convert 10524 (base 9) to base 15.
210d
111212022 (base 3) to base 6
114442
3032 (base 6) to base 8
1234
What is 112202 (base 4) in base 6?
10402
What is 100100001111 (base 2) in base 7?
6522
Convert -35bc (base 13) to base 10.
-7591
What is -47a3 (base 12) in base 4?
-1331223
Convert 121142 (base 5) to base 8.
10703
46b2 (base 14) to base 3
121212212
What is -14240 (base 6) in base 5?
-33011
-a396 (base 12) to base 5
-1032301
What is -ab36 (base 15) in base 7?
-210522
Convert -14413 (base 12) to base 8.
-67117
-6944 (base 10) to base 14
-2760
Convert -228 (base 11) to base 3.
-101002
Convert 2759 (base 12) to base 9.
6186
Convert 5241 (base 8) to base 10.
2721
What is 10101101010 (base 2) in base 15?
626
What is -201210001 (base 3) in base 9?
-21701
What is -7682 (base 10) in base 15?
-2422
What is -333331 (base 5) in base 3?
-121001221
Convert 798 (base 16) to base 5.
30234
2063 (base 8) to base 11
898
17b (base 12) to base 14
131
935 (base 15) to base 7
6023
What is -45a8 (base 12) in base 16?
-1e50
What is ca8 (base 13) in base 5?
32131
What is -10 (base 3) in base 15?
-3
-9316 (base 10) to base 11
-6aaa
What is 16462 (base 8) in base 12?
43aa
-b854 (base 15) to base 12
-1a6a4
251f (base 16) to base 12
55bb
Convert -4962 (base 15) to base 7.
-63350
-9ab (base 15) to base 3
-2222222
-1121022212 (base 3) to base 11
-21805
Convert -7573 (base 9) to base 4.
-1113012
What is -295a5 (base 11) in base 5?
-2320411
What is 201212 (base 3) in base 7?
1364
Convert 13aa (base 15) to base 13.
1bbb
What is -211200110 (base 3) in base 15?
-4d76
What is 8a (base 12) in base 16?
6a
10503 (base 6) to base 5
21404
Convert 14187 (base 10) to base 11.
a728
What is 2251 (base 6) in base 2?
1000010111
What is -134211 (base 6) in base 5?
-400412
-643 (base 12) to base 2
-1110010011
-1e1 (base 15) to base 8
-664
2d4 (base 16) to base 7
2053
13103 (base 4) to base 12
32b
-b49 (base 12) to base 2
-11001101001
Convert 225566 (base 8) to base 4.
102231312
Convert 1443 (base 7) to base 6.
2350
What is 21221 (base 3) in base 5?
1324
Convert -1321312 (base 4) to base 3.
-101200211
What is -100000011000 (base 2) in base 12?
-1248
20011 (base 3) to base 9
204
Convert -125d (base 16) to base 6.
-33433
Convert 10030 (base 4) to base 15.
12d
What is -7b4 (base 13) in base 14?
-6b0
Convert 210111111 (base 3) to base 16.
3d39
Convert -2158 (base 10) to base 5.
-32113
Convert 130565 (base 7) to base 8.
57356
-289 (base 13) to base 15
-201
1080 (base 9) to base 2
1100100001
2503 (base 6) to base 4
21213
-1001 (base 8) to base 14
-289
Convert -5cd (base 15) to base 16.
-526
Convert -372c (base 14) to base 13.
-450b
Convert -1c64 (base 14) to base 9.
-7100
Convert 540442 (base 6) to base 14.
12198
Convert -101 (base 2) to base 4.
-11
What is -4302 (base 5) in base 3?
-210101
What is 46a0 (base 13) in base 10?
9932
13260 (base 14) to base 11
32450
-7cd (base 15) to base 14
-904
2c90 (base 15) to base 2
10010101110001
Convert 1100110011 (base 2) to base 4.
30303
Convert -10314 (base 5) to base 7.
-2032
What is 167 (base 14) in base 7?
560
What is -12001020 (base 3) in base 16?
-e5e
Convert 12040 (base 5) to base 9.
1204
122010201 (base 3) to base 5
344433
-3880 (base 13) to base 10
-8047
Convert 853 (base 9) to base 3.
221210
What is -18c2 (base 13) in base 8?
-7173
Convert 402440 (base 6) to base 11.
21902
Convert -10341 (base 5) to base 14.
-397
What is 1220102010 (base 3) in base 2?
1001001001100111
-223 (base 8) to base 10
-147
-45643 (base 7) to base 11
-8826
What is 643 (base 8) in base 2?
110100011
Convert 4817 (base 10) to base 5.
123232
25ad (base 14) to base 4
1213131
331022 (base 4) to base 10
3914
-4305 (base 6) to base 16
-3d1
-2426 (base 14) to base 9
-8576
Convert -16502 (base 7) to base 2.
-1001001100010
Convert 2015 (base 8) to base 14.
541
-1110123 (base 4) to base 9
-7363
-1251 (base 7) to base 8
-735
What is 862 (base 13) in base 2?
10110011000
-53 (base 8) to base 10
-43
What is 500 (base 6) in base 8?
264
What is -1197b (base 12) in base 3?
-1012201112
Convert 2a27 (base 11) to base 15.
1251
11404 (base 9) to base 12
44aa
-392 (base 16) to base 9
-1225
What is -1516 (base 13) in base 10?
-3061
Convert b071 (base 15) to base 13.
13c3c
-330133 (base 5) to base 4
-2300131
What is -72ba (base 15) in base 11?
-17246
-1c84 (base 14) to base 16
-145c
What is -241 (base 10) in base 9?
-287
-1260 (base 12) to base 5
-31323
What is 946 (base 14) in base 2?
11100100010
860 (base 9) to base 4
22332
Convert -19e (base 16) to base 4.
-12132
Convert 480 (base 9) to base 12.
290
Convert 173c (base 13) to base 16.
d67
Convert -b431 (base 12) to base 5.
-1111441
Convert -295b (base 16) to base 15.
-320c
What is 11997 (base 13) in base 2?
111111010010011
6151 (base 7) to base 4
201133
Convert c73 (base 13) to base 2.
100001001010
-3576 (base 13) to base 16
-1d6d
Convert -2a5 (base 11) to base 4.
-11211
-3083 (base 10) to base 5
-44313
Convert 3032 (base 7) to base 14.
552
Convert -111000 (base 3) to base 7.
-1011
What is -1a78 (base 11) in base 3?
-10121021
17834 (base 10) to base 2
100010110101010
-7172 (base 8) to base 3
-12002021
What is 2232 (base 7) in base 2?
1100100111
1929 (base 10) to base 7
5424
Convert -2043 (base 12) to base 11.
-26a9
What is c697 (base 13) in base 6?
331154
Convert 1330 (base 5) to base 3.
21222
What is -102 (base 5) in base 16?
-1b
-10111000101110 (base 2) to base 8
-27056
What is 8055 (base 10) in base 7?
32325
What is 5152 (base 6) in